tors of 23486033.
19, 113, 10939
What are the prime factors of 97667095?
5, 659, 29641
What are the prime factors of 15004896?
2, 3, 149, 1049
List the prime factors of 3849333038.
2, 23, 29, 109, 1151
What are the prime factors of 1023352499?
13, 78719423
List the prime factors of 1615225364.
2, 31, 13026011
List the prime factors of 1214216745.
3, 5, 7, 11563969
What are the prime factors of 30262734?
2, 3, 73, 853
List the prime factors of 3258058829.
79, 41241251
What are the prime factors of 6171658464?
2, 3, 6317, 10177
What are the prime factors of 261729716?
2, 443, 147703
What are the prime factors of 38191770?
2, 3, 5, 37, 3823
What are the prime factors of 104764729?
53, 563, 3511
List the prime factors of 66483375.
3, 5, 7, 19, 31, 43
List the prime factors of 88222359.
3, 3257, 9029
What are the prime factors of 310217696?
2, 61, 158923
List the prime factors of 24358756.
2, 17, 41, 8737
What are the prime factors of 2339009398?
2, 11, 563, 188843
List the prime factors of 4119790173.
3, 9871, 139121
What are the prime factors of 234402494?
2, 17, 41, 168151
What are the prime factors of 926935571?
181, 5121191
What are the prime factors of 52885525?
5, 7, 11, 83, 331
What are the prime factors of 61271627?
257, 419, 569
List the prime factors of 4790329206.
2, 3, 13, 47, 1306691
What are the prime factors of 139696374?
2, 3, 491, 47419
List the prime factors of 119496897.
3, 13, 340447
List the prime factors of 24654981.
3, 13, 17, 41, 907
What are the prime factors of 411320916?
2, 3, 17, 53, 1409
List the prime factors of 2297685660.
2, 3, 5, 17, 29, 173, 449
What are the prime factors of 100516151?
811, 123941
What are the prime factors of 1909782556?
2, 11, 4993, 8693
List the prime factors of 17224402.
2, 13, 662477
What are the prime factors of 28130049?
3, 3125561
List the prime factors of 5315393.
1831, 2903
List the prime factors of 105909741.
3, 7, 53, 97, 109
List the prime factors of 70514664.
2, 3, 11, 47, 5683
List the prime factors of 74780573.
7, 10682939
What are the prime factors of 172414733?
131, 1316143
List the prime factors of 36333043.
71, 397, 1289
List the prime factors of 4093197266.
2, 311, 947, 6949
List the prime factors of 329870832.
2, 3, 463, 14843
What are the prime factors of 270162582?
2, 3, 31, 1452487
What are the prime factors of 311574655?
5, 7, 8902133
List the prime factors of 2910306219.
3, 23, 127, 332113
List the prime factors of 46432451.
13, 29, 31, 137
List the prime factors of 1475121280.
2, 5, 17, 135581
What are the prime factors of 403648355?
5, 11, 37, 139, 1427
List the prime factors of 104156325.
3, 5, 7, 13, 5087
List the prime factors of 6665537.
6665537
List the prime factors of 4242379347.
3, 29, 41, 103, 1283
What are the prime factors of 6181442401?
89, 69454409
List the prime factors of 2598091.
2598091
List the prime factors of 716366442.
2, 3, 11, 103, 105379
List the prime factors of 274534033.
274534033
List the prime factors of 386645480.
2, 5, 13, 743549
List the prime factors of 712589141.
11, 223, 290497
What are the prime factors of 131786376?
2, 3, 127, 43237
List the prime factors of 25275653.
13, 1944281
What are the prime factors of 72409789?
107, 676727
What are the prime factors of 36679219?
36679219
What are the prime factors of 44182392?
2, 3, 233, 7901
What are the prime factors of 45199592?
2, 5649949
What are the prime factors of 568297940?
2, 5, 7, 4059271
What are the prime factors of 332337897?
3, 4102937
What are the prime factors of 460290876?
2, 3, 619, 61967
What are the prime factors of 579051052?
2, 144762763
List the prime factors of 116020110.
2, 3, 5, 3867337
What are the prime factors of 2113963702?
2, 17, 4219, 14737
What are the prime factors of 8176726?
2, 19, 107, 2011
List the prime factors of 5194137688.
2, 59, 733, 15013
What are the prime factors of 616118225?
5, 19, 1297091
List the prime factors of 14724981.
3, 19, 86111
List the prime factors of 43450574.
2, 1069, 20323
What are the prime factors of 135506537?
19, 7131923
What are the prime factors of 594618585?
3, 5, 11, 19, 189671
What are the prime factors of 295507618?
2, 7, 101, 103, 2029
List the prime factors of 8730476984.
2, 601, 1815823
What are the prime factors of 199867037?
199867037
What are the prime factors of 2098605985?
5, 7, 59960171
List the prime factors of 72200075.
5, 79, 139, 263
List the prime factors of 31009836.
2, 3, 11, 13, 17, 1063
What are the prime factors of 7124204?
2, 23, 211, 367
What are the prime factors of 91362308?
2, 113, 202129
What are the prime factors of 137380745?
5, 647, 42467
What are the prime factors of 194423288?
2, 17, 1429583
List the prime factors of 141508033.
1493, 94781
List the prime factors of 558386739.
3, 331, 187441
What are the prime factors of 471217560?
2, 3, 5, 11, 17, 23, 83
What are the prime factors of 820383881?
19, 43178099
List the prime factors of 33569041.
11, 271, 11261
What are the prime factors of 721273958?
2, 97, 241, 15427
What are the prime factors of 2439254695?
5, 677, 720607
What are the prime factors of 84389291?
7, 61, 257, 769
What are the prime factors of 88728551?
41, 2164111
What are the prime factors of 960412530?
2, 3, 5, 7, 11, 379, 1097
List the prime factors of 232846936.
2, 7, 4157981
What are the prime factors of 177607462?
2, 191, 464941
List the prime factors of 966162001.
7, 97, 251, 5669
What are the prime factors of 564922927?
564922927
List the prime factors of 30064147.
2143, 14029
List the prime factors of 117329810.
2, 5, 13, 53, 17029
List the prime factors of 85535215.
5, 67, 255329
What are the prime factors of 2659608747?
3, 295512083
List the prime factors of 7946333.
41, 193813
What are the prime factors of 43212926?
2, 4079, 5297
What are the prime factors of 19059290?
2, 5, 83, 22963
List the prime factors of 6084028546.
2, 131, 2053, 11311
List the prime factors of 57935151.
3, 6437239
What are the prime factors of 2739754633?
7, 11, 137, 259717
List the prime factors of 256504649.
256504649
What are the prime factors of 666563236?
2, 101, 199, 8291
List the prime factors of 557544682.
2, 17, 71, 3253
List the prime factors of 2302540482.
2, 3, 11, 34886977
List the prime factors of 1277981715.
3, 5, 17, 29, 43, 4019
List the prime factors of 643312279.
19, 31, 277, 3943
List the prime factors of 5685602442.
2, 3, 13, 173, 32411
What are the prime factors of 5790503909?
17, 9661, 35257
What are the prime factors of 181227964?
2, 163, 239, 1163
What are the prime factors of 33487721?
29, 227, 5087
List the prime factors of 463261808.
2, 599, 48337
List the prime factors of 6318386006.
2, 3159193003
List the prime factors of 2198024813.
10271, 214003
List the prime factors of 298921747.
31, 9642637
List the prime factors of 2050636418.
2, 1025318209
What are the prime factors of 9076698237?
3, 59, 6379, 8039
What are the prime factors of 22051649?
22051649
List the prime factors of 28278583.
28278583
What are the prime factors of 53077352?
2, 467, 14207
What are the prime factors of 40372440?
2, 3, 5, 336437
List the prime factors of 201993174.
2, 3, 11221843
What are the prime factors of 74011698?
2, 3, 1370587
List the prime factors of 35946916.
2, 47, 367, 521
What are the prime factors of 309193301?
23, 13443187
List the prime factors of 65322218.
2, 13, 193261
What are the prime factors of 1191406267?
19, 223, 281191
What are the prime factors of 278657876?
2, 7, 19, 523793
What are the prime factors of 608030938?
2, 16493, 18433
What are the prime factors of 39180731?
83, 472057
What are the prime factors of 8786642?
2, 4393321
List the prime factors of 42062243.
42062243
What are the prime factors of 430303266?
2, 3, 37, 71789
What are the prime factors of 114733?
17, 397
What are the prime factors of 307684432?
2, 11, 23, 29, 2621
What are the prime factors of 489544557?
3, 19, 8588501
What are the prime factors of 121077810?
2, 3, 5, 7, 192187
List the prime factors of 1232293627.
101, 12200927
List the prime factors of 463259533.
11, 41, 73, 14071
What are the prime factors of 56066955?
3, 5, 7, 533971
What are the prime factors of 1582640278?
2, 6661, 118799
What are the prime factors of 3548179890?
2, 3, 5, 19, 230551
What are the prime factors of 